, -3*c + 4*c + 2 = -2*g. What is the units digit of ((3/1)/(-3))/g?
1
Let r = 6 + -7. Let y be 1*-5*(-2 - -1). What is the units digit of (r + 0 - -2)*y?
5
Let q = 10 - 4. What is the units digit of q?
6
Let t(z) = -z**3 + z**2 + z + 2. Let q be t(2). Let w be (2 - -1) + (q - 0). Suppose w*v = v + 2. What is the units digit of v?
1
Suppose -2*q - 252 = -2*u, 4*u + 138 = 5*u - 5*q. What is the hundreds digit of u?
1
Let u = -183 + 320. What is the units digit of u?
7
Let z be 8/6*(-3)/(-2). Suppose 101 = 3*a - z*p + 17, p = 0. What is the units digit of 7/a - 3/(-4)?
1
Let r = 136 - 90. What is the tens digit of r/3 - (-18)/(-54)?
1
Suppose 3*d + 5*j - 16 = 10, 0 = -d + 2*j - 6. Suppose 0 = -r - d*r + 6. What is the units digit of (r/6)/((-1)/(-3))?
1
Let r = -69 + 98. What is the units digit of r?
9
Let s(w) = -3 - w + 2 + 3. Suppose 0 = -4*t + 5*b + 5, -4 = 4*b + 16. What is the units digit of s(t)?
7
Let g(p) = -p**3 - 5*p - 6. What is the tens digit of g(-4)?
7
Suppose n - 3*n = -4. Suppose -n*s = s - 3. What is the units digit of s?
1
Let l(c) = 4*c**2 - c + 1. Let g = -1 + 3. Let u be l(g). What is the units digit of (4/(-10))/((-1)/u)?
6
Suppose -9*r = -148 - 149. What is the tens digit of r?
3
Let j(o) = o**2 - 5*o + 4. Suppose 0 = -p + 13. Let z = -8 + p. What is the units digit of j(z)?
4
Let j(s) = 5*s - 16. Let n be j(12). Suppose 20 = o + b + 6, 4*b - n = -3*o. What is the units digit of o?
2
Suppose -x - 36 = -4*j + 3*x, 5*x + 15 = -j. What is the units digit of j?
5
Suppose 340 = 5*s + 3*n, 0*s + 2*n - 335 = -5*s. What is the units digit of s?
5
Let x(q) be the first derivative of 1/4*q**4 + 0*q**2 + 1 + 3*q**3 + 11*q. What is the units digit of x(-9)?
1
Let w(a) = -a**2. Let y(z) = 7*z + 4. Let k(i) = w(i) - y(i). Let h be k(-6). Suppose -h*q - 4 = -10, -5*r = 5*q - 70. What is the tens digit of r?
1
Suppose 4*w = 5*b + 49, 4*b = 3*w + 2*w - 32. Suppose -5*d + 24 = 3*t - 20, 3*t - 48 = -3*d. Let o = b + t. What is the units digit of o?
5
Suppose 5*m = 4*q - 4, 0 = q - 2*q - 3*m + 18. Let b = 3 + -5. What is the units digit of (b/(-2))/(1/q)?
6
Suppose -d + 0 + 1 = 0. What is the tens digit of d/4 - 189/(-12)?
1
Suppose 0 = 6*y - 2*y - 140. What is the units digit of y?
5
Suppose -14*j + 113 + 1021 = 0. What is the tens digit of j?
8
Let n = 67 + -35. What is the units digit of n?
2
Let u be 2/4 - (-107)/2. Suppose u = 2*b + 4. What is the tens digit of b?
2
Let z = -16 + 42. What is the tens digit of z?
2
Suppose -9 = s + 5. Let t(l) = -l**3 - 15*l**2 - 16*l - 7. What is the tens digit of t(s)?
2
Suppose -c + 28 + 49 = 0. What is the tens digit of c?
7
Suppose -j + 12 = 5. What is the units digit of j?
7
Suppose 14 = u - 5*w, -2*u - 4*w = w - 28. Suppose 0 = -5*j + 5*a - 10, -2*j + 5*j + u = 5*a. Suppose -j*i + 0*i = -10. What is the units digit of i?
5
Suppose 15 = 3*v, -14 = 2*n - 4*n - 2*v. Let c be (-4)/8 + 141/n. Suppose x = -4*x + c. What is the units digit of x?
4
Suppose 0 = 4*r + 3*i + 30, -2*i - 4 = -0. What is the units digit of (-15)/r*(-84)/(-10)?
1
Let r be (-1 + -1)/((-1)/(-16)). What is the units digit of 15/(-6)*r/10?
8
Let w(b) = -3*b + b - 28*b**3 - 1 + 11*b**3 - 2*b**2. What is the units digit of w(-1)?
6
Let r(p) = 33*p + 1. What is the tens digit of r(1)?
3
Suppose 0 = w + 3*w. Let o = w - -37. What is the tens digit of o?
3
Let h(f) = -2*f - 3. Let t be h(-8). Suppose 4*q + 6*o - 2*o - 28 = 0, -3*q = -5*o - t. What is the units digit of q?
6
Let o(a) = 9*a + 4. Let l be o(-3). Let g be (l - (2 + -2))/(-1). Suppose -5*t + g = -2*b, -t + 5*b = t - 26. What is the units digit of t?
3
Suppose 0 = k + 3 - 27. What is the units digit of k?
4
Let t(w) = 2*w**2 + 4*w + 4. Let c be t(-3). Let m = 1 + -6. What is the units digit of ((-12)/c)/(2/m)?
3
Let f = -254 - -502. What is the hundreds digit of f?
2
Suppose -3*z + 0*z + 3*r = -21, -5*r - 26 = -2*z. Let w be z/6*10*1. Suppose -4*d + 5*a + 28 = 0, -w*a = -3*d - 0*d + 21. What is the units digit of d?
7
Let g = 4 - 6. Let w be (g/2)/(2/(-20)). Suppose w = 3*t - 5. What is the units digit of t?
5
What is the tens digit of 28 + (-3 + 3)/(-4)?
2
Let z(u) = 13*u - 3. What is the units digit of z(2)?
3
Let b be (-2 + (-22)/(-6))*3. Suppose -b*d = -d - 8. Suppose -d*g = -0*g - 16. What is the units digit of g?
8
Let l(a) = -a**2 - 4*a + 0*a**2 + 27 + 9*a - 18*a. What is the units digit of l(-11)?
9
Suppose 0 = -5*c - 2*m + 254 + 261, -309 = -3*c - 3*m. What is the tens digit of c?
0
Let u(v) = v**2 + v - 1. Let a be u(1). Let b(l) = 21*l**3. Let o be b(a). Suppose -3*z + o = -0*z. What is the units digit of z?
7
What is the units digit of (50/3)/(2/3)?
5
Suppose 2*v + 4*y - 26 = 0, 4*v - 88 + 36 = -2*y. What is the tens digit of v?
1
Let r = 23 - 18. Suppose 0 = -2*v + a - 2*a + 56, 2*v = r*a + 32. What is the tens digit of v?
2
Let k = -1 - -4. Suppose 0 = 2*q + k*q + 100. Let j = q - -28. What is the units digit of j?
8
Let n = -7 - -11. Suppose -2*x + 28 = 3*x - g, -5*x = -n*g - 22. Suppose 1 = -o + x. What is the units digit of o?
5
Suppose c - 44 = -l, l = -2*c + 4*c + 56. What is the units digit of l?
8
Suppose -7*y + 2*y = -30. Suppose -y*a + 10*a - 16 = 0. What is the units digit of a?
4
Let b be (1 - 11)*(-8)/20. Suppose -5*l + 2*l = b*v - 175, 0 = -4*l + v + 208. What is the units digit of l?
3
Let w(b) = 15*b - 20. What is the tens digit of w(7)?
8
Let m be ((-1)/(-1))/((-4)/(-64)). Let i = m - 2. What is the tens digit of i?
1
Let n = -234 - -459. What is the hundreds digit of n?
2
Let h(t) be the second derivative of -t**4/12 + t**3 - 7*t**2/2 - 2*t. What is the units digit of h(3)?
2
Suppose 0 = 4*y - 4*h - 92 - 56, -2*y = 2*h - 74. What is the tens digit of y?
3
Let q(u) = u**3 + 2*u**2 + 2. Let a be q(-2). Let y(g) = g**2 + 7*g + 9. Let d be y(-6). Suppose 0 = -d*w + 2*w + a. What is the units digit of w?
2
Let p(x) = 3*x - x + 3 + 2*x**2 - 1 + x. Let l be p(-2). Suppose l*o - 52 - 8 = 0. What is the units digit of o?
5
Let y(m) = -m**2 + 11*m - 9. Let r be y(10). Suppose 0 = -p + r. Suppose g - 3 + p = 0. What is the units digit of g?
2
Let u = -4 - -6. Suppose 101 = 5*h - 19. Suppose 0 = -k - 3*k + u*g + 48, -2*k - g + h = 0. What is the tens digit of k?
1
Let t be (18/4)/((-3)/(-4)). Suppose 3*i = t*i - 30. What is the tens digit of i?
1
Suppose -5*b - 75 = 3*i + 2*i, -3*i = -2*b + 20. Let n = i - -7. What is the units digit of (0 + -1)*n/1?
3
Let h be 7/2 - (-7)/(-14). Suppose -2*v - 3*q + 22 = -27, h*q = 5*v - 70. What is the tens digit of v?
1
Let x(h) = -h + 4. Let n be x(-3). Suppose -3*q - 19 = -n. Let m = 4 - q. What is the units digit of m?
8
Let q be (-18)/12*10/(-3). What is the units digit of -5 + 4 + q*2?
9
Let s(y) = -y**3 - 3*y**2 - y + 2. Let z(w) = w**2 + w + 1. Let u(a) = -s(a) + 4*z(a). What is the units digit of u(-6)?
8
Let n(z) = -z**3 - 4*z**2 - 5*z - 4. Let o be n(-3). Suppose 5*f = o*b + 2 + 7, -2*f = 5*b + 8. What is the units digit of f?
1
Let w(j) be the second derivative of j**4/6 - 4*j**3/3 + 3*j**2/2 - 4*j. What is the units digit of w(4)?
3
Suppose -19 = -8*x + 7*x. What is the units digit of x?
9
Let w be -75*(3 + -2)*-2. Suppose 5*a = -5*b + w, a - 50 = -7*b + 2*b. What is the tens digit of a?
2
Let j(q) = -5*q**3 - 2*q**2 - 5*q - 5. What is the units digit of j(-2)?
7
Let z(c) = -c + 8. Let v be z(6). Let h(y) = -y**2 + 3*y + 1. Let a(g) = -2*g**2 + 7*g + 1. Let j(f) = v*a(f) - 5*h(f). What is the units digit of j(3)?
3
Suppose 11*y = 6*y - 3*b + 26, -5*b + 10 = 0. Suppose -k = 2*j - 29 + 7, 48 = y*j + 4*k. What is the tens digit of j?
1
Let y be (16/(-24))/((-1)/(-3)). Let j(l) = -l**3 - l**2 - 2*l. Let v be j(y). Suppose 4*d = -v*a + 3*a + 16, d + a = 5. What is the units digit of d?
9
Let c be (438/(-9))/((-2)/(-3)). Let x = c - -103. What is the tens digit of x?
3
Suppose -z + 34 = -0*z. Suppose -4*l + 4*c = -68, 0*l + 4*c + z = 2*l. What is the units digit of l?
7
Suppose -3*n + 260 = n. What is the tens digit of n?
6
Let n = 46 + -29. What is the tens digit of n?
1
Let c = -52 - -84. What is the units digit of c?
2
Let r(c) = -c**3 - 2*c**2 + 6*c + 5. Let x be r(-4). Let l = x + 2. Suppose -l = -3*s - 6. What is the units digit of s?
3
Let c be (-2)/13 - 222/78. What is the tens digit of c/((-15)/16)*5?
1
